factors of 4035092.
2, 1008773
What are the prime factors of 349319?
271, 1289
What are the prime factors of 847323?
3, 31, 3037
List the prime factors of 180614.
2, 7, 19, 97
What are the prime factors of 232783?
23, 29, 349
What are the prime factors of 21286950?
2, 3, 5, 191, 743
List the prime factors of 5795634.
2, 3, 13, 67, 1109
List the prime factors of 19237898.
2, 647, 14867
List the prime factors of 277902.
2, 3, 15439
What are the prime factors of 547878?
2, 3, 127, 719
List the prime factors of 769181.
7, 109883
What are the prime factors of 16542?
2, 3, 919
List the prime factors of 1476583.
461, 3203
What are the prime factors of 5368972?
2, 7, 191749
What are the prime factors of 459963?
3, 7, 149
What are the prime factors of 524440?
2, 5, 7, 1873
List the prime factors of 78301.
78301
What are the prime factors of 7451575?
5, 298063
List the prime factors of 3347807.
1399, 2393
What are the prime factors of 2747298?
2, 3, 263, 1741
What are the prime factors of 967589?
7, 17, 47, 173
List the prime factors of 9402527.
9402527
What are the prime factors of 1348500?
2, 3, 5, 29, 31
What are the prime factors of 22672766?
2, 281, 40343
What are the prime factors of 1806434?
2, 7, 18433
What are the prime factors of 18687562?
2, 73, 127997
What are the prime factors of 1016544?
2, 3, 10589
What are the prime factors of 19425?
3, 5, 7, 37
List the prime factors of 32712.
2, 3, 29, 47
What are the prime factors of 789500?
2, 5, 1579
What are the prime factors of 264850?
2, 5, 5297
What are the prime factors of 1517270?
2, 5, 71, 2137
What are the prime factors of 838124?
2, 7, 37, 809
What are the prime factors of 46630?
2, 5, 4663
List the prime factors of 405792.
2, 3, 1409
What are the prime factors of 452361?
3, 7, 13, 1657
List the prime factors of 103275.
3, 5, 17
List the prime factors of 284404.
2, 97, 733
What are the prime factors of 937207?
937207
List the prime factors of 916101.
3, 101789
What are the prime factors of 216276?
2, 3, 67, 269
What are the prime factors of 2129139?
3, 78857
What are the prime factors of 104345?
5, 41, 509
What are the prime factors of 279753?
3, 93251
What are the prime factors of 9055744?
2, 23, 769
What are the prime factors of 152658?
2, 3, 11, 257
What are the prime factors of 887674?
2, 443837
What are the prime factors of 964389?
3, 103, 3121
What are the prime factors of 382123?
7, 79, 691
What are the prime factors of 9335327?
19, 491333
List the prime factors of 73111.
113, 647
What are the prime factors of 665744?
2, 41609
What are the prime factors of 31849983?
3, 11, 9749
What are the prime factors of 16644917?
593, 28069
List the prime factors of 727144.
2, 11, 8263
List the prime factors of 1707752.
2, 17, 29, 433
What are the prime factors of 4010478?
2, 3, 251, 2663
List the prime factors of 656366.
2, 307, 1069
What are the prime factors of 4713513?
3, 7, 389, 577
What are the prime factors of 1331906?
2, 665953
What are the prime factors of 504377?
504377
List the prime factors of 455643.
3, 50627
List the prime factors of 237695.
5, 137, 347
List the prime factors of 362731.
31, 11701
List the prime factors of 12643476.
2, 3, 79, 13337
List the prime factors of 59173.
47, 1259
List the prime factors of 209565.
3, 5, 4657
List the prime factors of 736506.
2, 3, 23, 593
List the prime factors of 10060129.
29, 41, 8461
List the prime factors of 7150805.
5, 37, 38653
What are the prime factors of 7459438?
2, 7, 19, 29, 967
What are the prime factors of 14744310?
2, 3, 5, 7, 61, 1151
What are the prime factors of 144074?
2, 7, 41, 251
What are the prime factors of 800457?
3, 7, 47, 811
What are the prime factors of 209512?
2, 26189
List the prime factors of 1974410.
2, 5, 197441
What are the prime factors of 1117543?
7, 22807
List the prime factors of 24272260.
2, 5, 17, 71389
What are the prime factors of 530760?
2, 3, 5, 4423
What are the prime factors of 543806?
2, 271903
What are the prime factors of 169582?
2, 7, 12113
List the prime factors of 43412709.
3, 251, 57653
What are the prime factors of 37578?
2, 3, 6263
What are the prime factors of 15266?
2, 17, 449
List the prime factors of 1985452.
2, 7, 23, 3083
What are the prime factors of 28143701?
433, 64997
List the prime factors of 11183285.
5, 2236657
List the prime factors of 27447417.
3, 338857
List the prime factors of 629054.
2, 314527
What are the prime factors of 32204214?
2, 3, 7, 255589
What are the prime factors of 1300612?
2, 325153
List the prime factors of 92008.
2, 7, 31, 53
List the prime factors of 156469.
23, 6803
List the prime factors of 1969451.
11, 179041
List the prime factors of 321949.
321949
What are the prime factors of 147657?
3, 83, 593
What are the prime factors of 2140284?
2, 3, 59, 3023
What are the prime factors of 237552?
2, 3, 7, 101
List the prime factors of 472911.
3, 157637
What are the prime factors of 14818009?
271, 54679
What are the prime factors of 4944435?
3, 5, 329629
What are the prime factors of 34061019?
3, 127, 89399
List the prime factors of 777424.
2, 48589
What are the prime factors of 3213055?
5, 29, 22159
What are the prime factors of 973267?
17, 57251
List the prime factors of 6793126.
2, 37, 41, 2239
What are the prime factors of 918968?
2, 313, 367
What are the prime factors of 7791373?
7791373
What are the prime factors of 56023?
11, 463
What are the prime factors of 150611?
150611
What are the prime factors of 1600182?
2, 3, 29633
List the prime factors of 16346870.
2, 5, 1634687
List the prime factors of 402086.
2, 23, 8741
List the prime factors of 3313339.
79, 41941
List the prime factors of 189285.
3, 5, 12619
What are the prime factors of 374685?
3, 5, 24979
List the prime factors of 195064.
2, 37, 659
List the prime factors of 20418183.
3, 67, 11287
List the prime factors of 294390.
2, 3, 5, 3271
What are the prime factors of 6959342?
2, 13, 267667
List the prime factors of 13924392.
2, 3, 580183
List the prime factors of 9986855.
5, 37, 1459
What are the prime factors of 24025904?
2, 7, 214517
List the prime factors of 22839459.
3, 7613153
List the prime factors of 4267299.
3, 1422433
List the prime factors of 11423521.
59, 193619
What are the prime factors of 3849369?
3, 37, 34679
List the prime factors of 2050260.
2, 3, 5, 34171
List the prime factors of 442095.
3, 5, 29473
What are the prime factors of 229131?
3, 7, 3637
What are the prime factors of 18035845?
5, 19, 189851
List the prime factors of 1466546.
2, 733273
What are the prime factors of 16326365?
5, 11, 296843
List the prime factors of 3153674.
2, 1576837
What are the prime factors of 1882033?
61, 30853
List the prime factors of 9629126.
2, 13, 179, 2069
What are the prime factors of 1715781?
3, 239, 2393
List the prime factors of 28835749.
19, 1517671
List the prime factors of 480985.
5, 19, 61, 83
What are the prime factors of 5459451?
3, 73, 97, 257
List the prime factors of 7048951.
7, 13, 71, 1091
List the prime factors of 3018403.
53, 56951
What are the prime factors of 642925?
5, 25717
List the prime factors of 392700.
2, 3, 5, 7, 11, 17
List the prime factors of 3076361.
1019, 3019
List the prime factors of 1459531.
1459531
List the prime factors of 27598636.
2, 13, 530743
List the prime factors of 19304287.
761, 25367
List the prime factors of 253596.
2, 3, 7, 3019
List the prime factors of 23167845.
3, 5, 514841
What are the prime factors of 41549?
41549
List the prime factors of 801709.
801709
What are the prime factors of 2895253?
17, 73, 2333
List the prime factors of 10030778.
2, 5015389
List the prime factors of 7520698.
2, 17, 221197
List the prime factors of 19813006.
2, 347, 28549
What are the prime factors of 344449?
7, 49207
List the prime factors of 1733340.
2, 3, 5, 7, 4127
What are the prime factors of 1416664?
2, 61, 2903
What are the prime factors of 12253725?
3, 5, 11, 4951
What are the prime factors of 89658?
2, 3, 17, 293
List the prime factors of 372092.
2, 7, 97, 137
What are the prime factors of 15258686?
2, 337, 22639
List the prime factors of 409006.
2, 13, 15731
List the prime factors of 111619.
23, 211
What are the prime factors of 1037834?
2, 7, 74131
What are the prime factors of 984090?
2, 3, 5, 32803
What are the prime factors of 332144?
2, 2075